 -y*w = -172*w - 13480. Is w a prime number?
False
Let y be (-29585026)/(-574) - (-6)/(-7). Suppose h - 10301 = 2*o, 6*h - 2*o + y = 11*h. Is h composite?
True
Let s(h) = 364*h**2 - 13*h + 158. Let z(q) = -q**2 - 5*q + 43. Let v be z(-9). Is s(v) composite?
False
Is 580494/(-8)*1064/(-798) a prime number?
True
Suppose -35*v + 1320940 + 251785 = 0. Suppose -5*k + 5*c + v = 0, c - 8979 = -k - 0*c. Is k a composite number?
True
Let s = 1067 + 11012. Let d = s + -5790. Is d composite?
True
Let o(g) = -3009*g + 64. Is o(-17) prime?
True
Let n be 1/((-3)/30)*64/(-10). Let c = n + -54. Is c composite?
True
Suppose -y = 5059 - 1468. Let r be -5530 - 7/(-105)*0. Let m = y - r. Is m composite?
True
Suppose -5*c = 2*n - 10, 5*n = -c - 2*c - 13. Suppose -24*j + 12*j = 0. Suppose j = c*m - 232 - 3452. Is m composite?
True
Let c = -47063 - -83004. Is c a composite number?
True
Let k = 746284 - 301381. Is k a composite number?
True
Suppose 9*d + 112631 = -45076. Is d/(-7) + (-1)/((-28)/(-8)) composite?
False
Let o(a) = -14660*a - 1077. Is o(-2) a prime number?
False
Suppose -3*a + 4*n + 5 = 0, -a + 5*n = 2*a - 4. Let t(s) = 829*s + 22. Is t(a) a composite number?
True
Suppose -80*p = 53*p + 6805485 - 30822758. Is p composite?
True
Let c(q) = -q - 16. Let m be c(0). Let a(x) be the third derivative of x**5/15 + 5*x**4/6 - 5*x**3/2 + 2*x**2 + 91. Is a(m) a composite number?
True
Let y = -3235 + 10532. Is y composite?
False
Let y(x) be the second derivative of x**6/24 - x**5/10 - x**4/12 + 19*x**3/6 + x**2 + 8*x. Let k(q) be the first derivative of y(q). Is k(8) composite?
False
Let r = 488 - 764. Suppose 5*l - 9615 = 4*p, -4*p + 9590 = 5*l - 3*p. Let u = r + l. Is u composite?
True
Let k be -7 + ((-4)/(-2))/(-2). Let u = -95631 + -3648. Is (1 - u/36) + (-2)/k prime?
False
Suppose 29 = 2*u + 25. Suppose -6 + 4 = u*q, 2*p + q + 9 = 0. Is (1478/p)/(2/(-4)) a prime number?
True
Let k(f) = -7*f + 3. Let n(l) = 22*l - 10. Let p(b) = -16*k(b) - 5*n(b). Let y be p(-5). Let o = y - -29. Is o a prime number?
False
Let x(u) = -8*u**2 - u. Let h be x(1). Let o(a) = a**2 + 10*a + 9. Let d be o(h). Suppose 2*f - 3*k - 181 = d, -k = 3*f - 0*f - 288. Is f prime?
False
Suppose 8*z - 4*z - 32 = 0. Let t be (5/((-25)/2145))/((-2)/z). Suppose 0*b = -12*b + t. Is b a composite number?
True
Suppose 3*n = 6*n + 40*n - 524299. Is n composite?
True
Let l be 5/(-3)*(24 + -21). Let a(w) = -33*w**3 - 8*w**2 - 2*w + 11. Is a(l) a prime number?
False
Let q = 3467 + -10643. Let l = q + 14929. Is l composite?
False
Suppose -1070012 = -88*g + 36*g + 252816. Is g prime?
True
Let m = 34 + -30. Suppose -m*q + 4*a = q + 9, q - 2*a + 3 = 0. Is ((3498/(-24))/(-1))/(q/(-4)) composite?
True
Let v(f) = 4*f**3 + 12*f**2 + 5*f + 10. Let p = 53 - 44. Is v(p) a prime number?
True
Let y(p) be the third derivative of -p**6/120 + 4*p**5/15 - 7*p**4/12 + 11*p**3/6 + 3*p**2. Let i be y(14). Let u = 532 + i. Is u composite?
False
Let p = 3 + 15. Suppose l - p = -l. Is ((-1338)/4)/(l/(-18)) a prime number?
False
Suppose -3*o - 156 = -150, -3*o = 4*u - 54086. Is u a prime number?
True
Let r(d) = 89*d**2 - 16*d + 332. Is r(9) prime?
False
Let p(x) = -4345*x + 86. Let r be p(-4). Let b = -9481 + r. Is b a composite number?
True
Suppose 55*r - 8647575 = -20*r. Is r a prime number?
True
Let n be (2/6)/((-1)/(-3)). Let v be (-3)/(1 + -2) + n. Is (328 - -3) + -4 + v a composite number?
False
Let o(q) = 3*q + 18 - 4 - 64 + 4*q. Let k be o(23). Suppose -4*w - 2*m = -2158, -2*w + k + 977 = -2*m. Is w a prime number?
True
Suppose 0 = 39*t - 37*t - 14. Is (-2)/t - 43035/(-21) prime?
False
Let c = 19143 - 9100. Let m = c - 6909. Is m prime?
False
Suppose 15*p = 365869 + 625406. Is p composite?
True
Suppose 0 = 15*r + 336 + 6384. Let b = r + 3711. Is b composite?
True
Let d(z) = 10552*z + 25. Suppose 5*i - 2*b - 3 = 0, -5*b + 6 = -i + 2. Is d(i) composite?
True
Let i be (-3)/(18/12) - -5. Is (-24556)/(-84) - (-2)/i prime?
True
Suppose 0 = 4*t + 45 + 27. Is (15058 - 0) + -2 + t/6 prime?
True
Let d(v) = v**2. Let t(l) = 2*l**2 - 24*l - 24. Let i(g) = -d(g) + t(g). Let c(n) = n**2 - 25*n - 25. Let h(a) = 3*c(a) - 4*i(a). Is h(17) prime?
True
Suppose 0 = 2*m + 4*h - 18998, -2*m + 4*h = 9*h - 19001. Is m prime?
False
Suppose 3*m - 5*x - 271875 = -8*x, -10 = -5*x. Let b = 129124 - m. Is b a composite number?
False
Let m(r) = -379*r + 9. Let q be m(-4). Let l = 7896 - q. Is l composite?
True
Let b(r) = 39973*r**2 + 7*r - 9. Is b(1) composite?
False
Let n(h) = -67*h - 11 + 28 - 42*h - 2*h. Let z be n(-12). Suppose -3*c - 2689 = -i - 3*i, z = 2*i + 3*c. Is i prime?
True
Is 10/4 + 10139748/424 a composite number?
False
Suppose 3*z + 177*f = 174*f + 1176771, -f = -2*z + 784526. Is z prime?
True
Suppose -14*d + 18*d - 5644 = 0. Let j = d + -32. Is j composite?
True
Suppose -9*m = -7*m - 10. Is -1 + 3 - (-7011 + 0/m) a prime number?
True
Let t be -3*(-1 + (0 - 0)). Let i(c) = -2354*c - 34. Let v be i(-2). Suppose f - 1546 = -t*o, -3*f + 5*o - 2*o = -v. Is f a prime number?
False
Suppose 0 = 10*l - 646 + 7696. Let c = l - -2258. Is c a prime number?
True
Let g(w) = -6*w**2 - w. Let o be g(-1). Let r be (-1 - -4) + (-30)/o. Suppose -4*b = -r*b + 1105. Is b a composite number?
True
Let g(y) = -173*y - 406. Let l(p) = 174*p + 407. Let z(s) = 6*g(s) + 7*l(s). Is z(19) prime?
True
Let j(i) = -3*i**3 - 9*i**2 + 22*i + 9. Let k(b) = -b**3 + 41*b**2 - 79*b + 29. Let g be k(39). Is j(g) composite?
False
Let u = -11646 + 82765. Is u a composite number?
False
Let b be (0 + 86)*1309/22. Suppose 57*s - 64252 - b = 0. Is s a composite number?
False
Suppose 1 = -i + 3. Suppose -i*b + 39 = -5*o, -4*o - 3*b = -1 + 23. Let w(d) = -22*d - 20. Is w(o) composite?
True
Let p(f) = 7*f**3 + 4*f**2 - 10. Let n be p(5). Suppose -290 = -3*q + 2*h + n, 1677 = 4*q + h. Is q prime?
True
Let n = 76821 - -67468. Is n a composite number?
False
Let r be 19*(-28)/36 + 2/(-9). Let k = -4 - r. Let b(q) = 165*q + 32. Is b(k) composite?
False
Let w(z) = -3*z**2 - z + 8. Let u be w(2). Let s(k) be the second derivative of -65*k**3/6 - 11*k**2/2 + 5*k. Is s(u) a composite number?
False
Suppose 360 = 3*b + 6*b. Let q = b + -34. Let j(p) = 3*p**3 + 4*p**2 + 6*p - 7. Is j(q) composite?
False
Suppose 2*g - 158260 = 6*m + 137082, -g = -2*m - 147663. Is g a composite number?
False
Suppose -3*u = -64*j + 69*j - 123592, 41204 = u + 3*j. Is u composite?
False
Let z = -1548 + 1001. Let c = z - -3068. Is c composite?
False
Let h(z) = 6*z**2 + 4*z. Let w be h(-1). Suppose 0 = 4*j - 3*u - 16142, -16*j - w*u = -18*j + 8070. Is j composite?
True
Let n be 75/21 - (-60)/140. Suppose g - 8257 = -n*u, 459 + 7808 = 4*u + 3*g. Is u prime?
True
Suppose -23*f - 27 = -14*f. Is f + (-60)/(-21) - (-50912)/7 a prime number?
False
Suppose a + 1 = 0, -3*a = 2*v + 1 + 2. Let u(o) = o**3 + o**2 + 3935. Is u(v) composite?
True
Let h(k) = k**2 - 2*k + 2. Let x be h(2). Suppose 1206 + 4974 = b. Suppose x*c = 14*c - b. Is c a composite number?
True
Let p be (0 - -14) + (2 - -1). Let r be (15/(-2))/(p/(-34)). Suppose 2*c + 10*g - 886 = 6*g, 5*g + r = 0. Is c a composite number?
False
Is -20*(-15)/30 - -64947 a prime number?
False
Let q be 28/14 + (-5 - -1). Let a be (0 - q - 1)/(1/514). Suppose -3*g = -g - a. Is g composite?
False
Let t(d) = d**3 - 2*d**2 - 8*d + 5. Let k = -138 + 145. Is t(k) a prime number?
False
Let p(n) = -1081*n**3 + n**2 + 5*n - 1. Let o(c) = c**2 + 3*c - 7. Let q be o(-4). Let i be p(q). Suppose 2*f = -2*f + i. Is f prime?
False
Let c = -79 - -115. Suppose 11*z = 2*z - c. Is ((-46)/z)/((-1)/(-274)) a prime number?
False
Let v = 3591076 - 2145839. Is v composite?
False
Suppose -4 = w - 9. Suppose -780 = w*g + 480. Is 3/3 - g/2 prime?
True
Let n(f) = 95*f**2 - 183. Is n(28) composite?
False
Let s = 530 + -1889. Let m = -915 - s. Suppose 4*x = -3*g - 384 + 1723, -x - m = -g. Is g a prime number?
False
Suppose 25100 = -4*p + 2*i, -2*p = -3*p - 5*i - 6275. Is p/10*(-8)/20 composite?
False
Let d = -10787 + 33981. Let g = -16035 + d. Suppose -1584 = 5*t - g. Is t a composite number?
True
Let t be (3/2 + (-8)/16)*2. Suppose 0 = -t*x + 106 - 98. Suppose 3*i = -n + 630, -2*n - 1332 = -x*i - 482. Is i a prime number?
True
Let r(i) = 12*i - 191. Let b be r(16). Is (-2 + b)*7 - -4836 composite?
True